{"id":1113,"date":"2019-07-04T12:17:09","date_gmt":"2019-07-04T12:17:09","guid":{"rendered":"http:\/\/stoni.wgl-demo.net\/?page_id=1113"},"modified":"2020-11-22T19:33:40","modified_gmt":"2020-11-22T22:33:40","slug":"sobre","status":"publish","type":"page","link":"https:\/\/camilabigolin.arq.br\/?page_id=1113","title":{"rendered":"Sobre"},"content":{"rendered":"\t\t<div data-elementor-type=\"wp-post\" data-elementor-id=\"1113\" class=\"elementor elementor-1113\" data-elementor-settings=\"[]\">\n\t\t\t\t\t\t<div class=\"elementor-inner\">\n\t\t\t\t\t\t\t<div class=\"elementor-section-wrap\">\n\t\t\t\t\t\t\t<section class=\"elementor-section elementor-top-section elementor-element elementor-element-5e69b42 elementor-section-full_width elementor-section-height-default elementor-section-height-default\" data-id=\"5e69b42\" data-element_type=\"section\" data-settings=\"{&quot;background_background&quot;:&quot;classic&quot;}\">\n\t\t\t\t\t\t<div class=\"elementor-container elementor-column-gap-no\">\n\t\t\t\t\t\t\t<div class=\"elementor-row\">\n\t\t\t\t\t<div class=\"elementor-column elementor-col-33 elementor-top-column elementor-element elementor-element-966d76d elementor-invisible\" data-id=\"966d76d\" data-element_type=\"column\" data-settings=\"{&quot;animation&quot;:&quot;fadeInLeft&quot;,&quot;background_background&quot;:&quot;classic&quot;}\">\n\t\t\t<div class=\"elementor-column-wrap elementor-element-populated\">\n\t\t\t\t\t\t\t<div class=\"elementor-widget-wrap\">\n\t\t\t\t\t\t<div class=\"elementor-element elementor-element-346071d elementor-widget elementor-widget-image\" data-id=\"346071d\" data-element_type=\"widget\" data-widget_type=\"image.default\">\n\t\t\t\t<div class=\"elementor-widget-container\">\n\t\t\t\t\t<div class=\"elementor-image\">\n\t\t\t\t\t\t\t\t\t\t<img loading=\"lazy\" decoding=\"async\" width=\"867\" height=\"953\" src=\"https:\/\/camilabigolin.arq.br\/wp-content\/uploads\/2019\/07\/about-me_1.jpg\" class=\"attachment-large size-large\" alt=\"\" srcset=\"https:\/\/camilabigolin.arq.br\/wp-content\/uploads\/2019\/07\/about-me_1.jpg 867w, https:\/\/camilabigolin.arq.br\/wp-content\/uploads\/2019\/07\/about-me_1-273x300.jpg 273w, https:\/\/camilabigolin.arq.br\/wp-content\/uploads\/2019\/07\/about-me_1-768x844.jpg 768w\" sizes=\"auto, (max-width: 867px) 100vw, 867px\" \/>\t\t\t\t\t\t\t\t\t\t\t<\/div>\n\t\t\t\t<\/div>\n\t\t\t\t<\/div>\n\t\t\t\t\t\t<\/div>\n\t\t\t\t\t<\/div>\n\t\t<\/div>\n\t\t\t\t<div class=\"elementor-column elementor-col-33 elementor-top-column elementor-element elementor-element-95d5f4a\" data-id=\"95d5f4a\" data-element_type=\"column\">\n\t\t\t<div class=\"elementor-column-wrap elementor-element-populated\">\n\t\t\t\t\t\t\t<div class=\"elementor-widget-wrap\">\n\t\t\t\t\t\t<div class=\"elementor-element elementor-element-b1327d9 elementor-widget elementor-widget-spacer\" data-id=\"b1327d9\" data-element_type=\"widget\" data-widget_type=\"spacer.default\">\n\t\t\t\t<div class=\"elementor-widget-container\">\n\t\t\t\t\t<div class=\"elementor-spacer\">\n\t\t\t<div class=\"elementor-spacer-inner\"><\/div>\n\t\t<\/div>\n\t\t\t\t<\/div>\n\t\t\t\t<\/div>\n\t\t\t\t<div class=\"elementor-element elementor-element-a11abe8 aleft elementor-widget elementor-widget-wgl-double-headings\" data-id=\"a11abe8\" data-element_type=\"widget\" data-widget_type=\"wgl-double-headings.default\">\n\t\t\t\t<div class=\"elementor-widget-container\">\n\t\t\t<div class=\"wgl-double_heading\">                <h3 class=\"dbl-title_wrapper\"><span class=\"dbl-title dbl-title_1\">Camila<\/span> <span class=\"dbl-title dbl-title_2\">Bigolin<\/span>                 <\/h3>        <\/div>\t\t<\/div>\n\t\t\t\t<\/div>\n\t\t\t\t<div class=\"elementor-element elementor-element-8a71f33 elementor-widget elementor-widget-text-editor\" data-id=\"8a71f33\" data-element_type=\"widget\" data-widget_type=\"text-editor.default\">\n\t\t\t\t<div class=\"elementor-widget-container\">\n\t\t\t\t\t<div class=\"elementor-text-editor elementor-clearfix\"><span style=\"color: #232323; font-size: 24px;\">Refer\u00eancias internacionais, uma bagagem de experi\u00eancias culturais e a vontade de realizar projetos incr\u00edveis.<\/span><\/div>\n\t\t\t\t<\/div>\n\t\t\t\t<\/div>\n\t\t\t\t<div class=\"elementor-element elementor-element-5a78e0b elementor-widget elementor-widget-spacer\" data-id=\"5a78e0b\" data-element_type=\"widget\" data-widget_type=\"spacer.default\">\n\t\t\t\t<div class=\"elementor-widget-container\">\n\t\t\t\t\t<div class=\"elementor-spacer\">\n\t\t\t<div class=\"elementor-spacer-inner\"><\/div>\n\t\t<\/div>\n\t\t\t\t<\/div>\n\t\t\t\t<\/div>\n\t\t\t\t\t\t<\/div>\n\t\t\t\t\t<\/div>\n\t\t<\/div>\n\t\t\t\t<div class=\"elementor-column elementor-col-33 elementor-top-column elementor-element elementor-element-5594be8\" data-id=\"5594be8\" data-element_type=\"column\">\n\t\t\t<div class=\"elementor-column-wrap\">\n\t\t\t\t\t\t\t<div class=\"elementor-widget-wrap\">\n\t\t\t\t\t\t\t\t<\/div>\n\t\t\t\t\t<\/div>\n\t\t<\/div>\n\t\t\t\t\t\t\t\t<\/div>\n\t\t\t\t\t<\/div>\n\t\t<\/section>\n\t\t\t\t<section class=\"elementor-section elementor-top-section elementor-element elementor-element-97293c7 elementor-section-boxed elementor-section-height-default elementor-section-height-default\" data-id=\"97293c7\" data-element_type=\"section\">\n\t\t\t\t\t\t<div class=\"elementor-container elementor-column-gap-default\">\n\t\t\t\t\t\t\t<div class=\"elementor-row\">\n\t\t\t\t\t<div class=\"elementor-column elementor-col-100 elementor-top-column elementor-element elementor-element-64d0c5b\" data-id=\"64d0c5b\" data-element_type=\"column\">\n\t\t\t<div class=\"elementor-column-wrap elementor-element-populated\">\n\t\t\t\t\t\t\t<div class=\"elementor-widget-wrap\">\n\t\t\t\t\t\t<div class=\"elementor-element elementor-element-37ec338 elementor-widget elementor-widget-text-editor\" data-id=\"37ec338\" data-element_type=\"widget\" data-widget_type=\"text-editor.default\">\n\t\t\t\t<div class=\"elementor-widget-container\">\n\t\t\t\t\t<div class=\"elementor-text-editor elementor-clearfix\"><p><span style=\"font-size: 18px;\">Sou curitibana, formada em Arquitetura e Urbanismo pela Universidade Positivo e com Mestrado em Inova\u00e7\u00e3o e Empreendedorismo na Universidade de Adelaide &#8211; Austr\u00e1lia. Mas gosto de dizer que minha maior forma\u00e7\u00e3o foram as viv\u00eancias interpessoais e culturais que a vida me trouxe.<\/span><\/p><p><span style=\"font-size: 18px;\">A minha casa \u00e9 o Brasil. Mas j\u00e1 fiz morada na Austr\u00e1lia, Fran\u00e7a e Estados Unidos. A experi\u00eancia de vida em 3 diferentes continentes fez aflorar meu olhar nas culturas e costumes locais. Toda essa bagagem cultural somada \u00e0s tend\u00eancias mundiais em arquitetura fazem com que os meus projetos sejam contempor\u00e2neos e muito customizados ao estilo de vida dos meus clientes.<\/span><\/p><p><span style=\"font-size: 18px;\">Em cada cliente, seja ele residencial ou comercial, vejo a beleza, a funcionalidade, e a necessidade de cada projeto.<\/span><\/p><p><span style=\"font-size: 18px;\">E ter a possibilidade em participar na transforma\u00e7\u00e3o do sonho desses clientes \u00e9 meu maior prop\u00f3sito profissional.<\/span><\/p><p><span style=\"font-size: 18px;\">Me conta, qual \u00e9 o seu projeto?<\/span><\/p><\/div>\n\t\t\t\t<\/div>\n\t\t\t\t<\/div>\n\t\t\t\t\t\t<\/div>\n\t\t\t\t\t<\/div>\n\t\t<\/div>\n\t\t\t\t\t\t\t\t<\/div>\n\t\t\t\t\t<\/div>\n\t\t<\/section>\n\t\t\t\t\t\t<\/div>\n\t\t\t\t\t\t<\/div>\n\t\t\t\t\t<\/div>\n\t\t","protected":false},"excerpt":{"rendered":"<p>Camila Bigolin Refer\u00eancias internacionais, uma bagagem de experi\u00eancias culturais e a vontade de realizar projetos incr\u00edveis. Sou curitibana, formada em Arquitetura e Urbanismo pela Universidade Positivo e com Mestrado em Inova\u00e7\u00e3o e Empreendedorismo na Universidade de Adelaide &#8211; Austr\u00e1lia. Mas gosto de dizer que minha maior forma\u00e7\u00e3o foram as viv\u00eancias interpessoais e culturais que a [&hellip;]<\/p>\n","protected":false},"author":1,"featured_media":0,"parent":0,"menu_order":0,"comment_status":"closed","ping_status":"closed","template":"","meta":{"footnotes":""},"class_list":["post-1113","page","type-page","status-publish","hentry"],"yoast_head":"<!-- This site is optimized with the Yoast SEO plugin v25.3 - https:\/\/yoast.com\/wordpress\/plugins\/seo\/ -->\n<title>Sobre<\/title>\n<meta name=\"robots\" content=\"index, follow, max-snippet:-1, max-image-preview:large, max-video-preview:-1\" \/>\n<link rel=\"canonical\" href=\"https:\/\/camilabigolin.arq.br\/?page_id=1113\" \/>\n<meta property=\"og:locale\" content=\"pt_BR\" \/>\n<meta property=\"og:type\" content=\"article\" \/>\n<meta property=\"og:title\" content=\"Sobre\" \/>\n<meta property=\"og:description\" content=\"Camila Bigolin Refer\u00eancias internacionais, uma bagagem de experi\u00eancias culturais e a vontade de realizar projetos incr\u00edveis. Sou curitibana, formada em Arquitetura e Urbanismo pela Universidade Positivo e com Mestrado em Inova\u00e7\u00e3o e Empreendedorismo na Universidade de Adelaide &#8211; Austr\u00e1lia. Mas gosto de dizer que minha maior forma\u00e7\u00e3o foram as viv\u00eancias interpessoais e culturais que a [&hellip;]\" \/>\n<meta property=\"og:url\" content=\"https:\/\/camilabigolin.arq.br\/?page_id=1113\" \/>\n<meta property=\"og:site_name\" content=\"Arquiteta Camila Bigolin\" \/>\n<meta property=\"article:modified_time\" content=\"2020-11-22T22:33:40+00:00\" \/>\n<meta property=\"og:image\" content=\"https:\/\/camilabigolin.arq.br\/wp-content\/uploads\/2019\/07\/about-me_1.jpg\" \/>\n<meta name=\"twitter:card\" content=\"summary_large_image\" \/>\n<meta name=\"twitter:label1\" content=\"Est. tempo de leitura\" \/>\n\t<meta name=\"twitter:data1\" content=\"1 minuto\" \/>\n<script type=\"application\/ld+json\" class=\"yoast-schema-graph\">{\"@context\":\"https:\/\/schema.org\",\"@graph\":[{\"@type\":\"WebPage\",\"@id\":\"https:\/\/camilabigolin.arq.br\/?page_id=1113\",\"url\":\"https:\/\/camilabigolin.arq.br\/?page_id=1113\",\"name\":\"Sobre\",\"isPartOf\":{\"@id\":\"https:\/\/camilabigolin.arq.br\/#website\"},\"primaryImageOfPage\":{\"@id\":\"https:\/\/camilabigolin.arq.br\/?page_id=1113#primaryimage\"},\"image\":{\"@id\":\"https:\/\/camilabigolin.arq.br\/?page_id=1113#primaryimage\"},\"thumbnailUrl\":\"https:\/\/camilabigolin.arq.br\/wp-content\/uploads\/2019\/07\/about-me_1.jpg\",\"datePublished\":\"2019-07-04T12:17:09+00:00\",\"dateModified\":\"2020-11-22T22:33:40+00:00\",\"breadcrumb\":{\"@id\":\"https:\/\/camilabigolin.arq.br\/?page_id=1113#breadcrumb\"},\"inLanguage\":\"pt-BR\",\"potentialAction\":[{\"@type\":\"ReadAction\",\"target\":[\"https:\/\/camilabigolin.arq.br\/?page_id=1113\"]}]},{\"@type\":\"ImageObject\",\"inLanguage\":\"pt-BR\",\"@id\":\"https:\/\/camilabigolin.arq.br\/?page_id=1113#primaryimage\",\"url\":\"https:\/\/camilabigolin.arq.br\/wp-content\/uploads\/2019\/07\/about-me_1.jpg\",\"contentUrl\":\"https:\/\/camilabigolin.arq.br\/wp-content\/uploads\/2019\/07\/about-me_1.jpg\",\"width\":867,\"height\":953},{\"@type\":\"BreadcrumbList\",\"@id\":\"https:\/\/camilabigolin.arq.br\/?page_id=1113#breadcrumb\",\"itemListElement\":[{\"@type\":\"ListItem\",\"position\":1,\"name\":\"In\u00edcio\",\"item\":\"https:\/\/camilabigolin.arq.br\/\"},{\"@type\":\"ListItem\",\"position\":2,\"name\":\"Sobre\"}]},{\"@type\":\"WebSite\",\"@id\":\"https:\/\/camilabigolin.arq.br\/#website\",\"url\":\"https:\/\/camilabigolin.arq.br\/\",\"name\":\"Arquiteta Camila Bigolin\",\"description\":\"Projetos pensados especialmente\u00a0para\u00a0voc\u00ea.\",\"publisher\":{\"@id\":\"https:\/\/camilabigolin.arq.br\/#\/schema\/person\/785b0841cd78fa9eebef8dd69299a81d\"},\"alternateName\":\"Camila Bigolin\",\"potentialAction\":[{\"@type\":\"SearchAction\",\"target\":{\"@type\":\"EntryPoint\",\"urlTemplate\":\"https:\/\/camilabigolin.arq.br\/?s={search_term_string}\"},\"query-input\":{\"@type\":\"PropertyValueSpecification\",\"valueRequired\":true,\"valueName\":\"search_term_string\"}}],\"inLanguage\":\"pt-BR\"},{\"@type\":[\"Person\",\"Organization\"],\"@id\":\"https:\/\/camilabigolin.arq.br\/#\/schema\/person\/785b0841cd78fa9eebef8dd69299a81d\",\"name\":\"Camila Bigolin\",\"image\":{\"@type\":\"ImageObject\",\"inLanguage\":\"pt-BR\",\"@id\":\"https:\/\/camilabigolin.arq.br\/#\/schema\/person\/image\/\",\"url\":\"https:\/\/camilabigolin.arq.br\/wp-content\/uploads\/2020\/10\/logo_cb-03.png\",\"contentUrl\":\"https:\/\/camilabigolin.arq.br\/wp-content\/uploads\/2020\/10\/logo_cb-03.png\",\"width\":351,\"height\":196,\"caption\":\"Camila Bigolin\"},\"logo\":{\"@id\":\"https:\/\/camilabigolin.arq.br\/#\/schema\/person\/image\/\"}}]}<\/script>\n<!-- \/ Yoast SEO plugin. -->","yoast_head_json":{"title":"Sobre","robots":{"index":"index","follow":"follow","max-snippet":"max-snippet:-1","max-image-preview":"max-image-preview:large","max-video-preview":"max-video-preview:-1"},"canonical":"https:\/\/camilabigolin.arq.br\/?page_id=1113","og_locale":"pt_BR","og_type":"article","og_title":"Sobre","og_description":"Camila Bigolin Refer\u00eancias internacionais, uma bagagem de experi\u00eancias culturais e a vontade de realizar projetos incr\u00edveis. Sou curitibana, formada em Arquitetura e Urbanismo pela Universidade Positivo e com Mestrado em Inova\u00e7\u00e3o e Empreendedorismo na Universidade de Adelaide &#8211; Austr\u00e1lia. Mas gosto de dizer que minha maior forma\u00e7\u00e3o foram as viv\u00eancias interpessoais e culturais que a [&hellip;]","og_url":"https:\/\/camilabigolin.arq.br\/?page_id=1113","og_site_name":"Arquiteta Camila Bigolin","article_modified_time":"2020-11-22T22:33:40+00:00","og_image":[{"url":"https:\/\/camilabigolin.arq.br\/wp-content\/uploads\/2019\/07\/about-me_1.jpg","type":"","width":"","height":""}],"twitter_card":"summary_large_image","twitter_misc":{"Est. tempo de leitura":"1 minuto"},"schema":{"@context":"https:\/\/schema.org","@graph":[{"@type":"WebPage","@id":"https:\/\/camilabigolin.arq.br\/?page_id=1113","url":"https:\/\/camilabigolin.arq.br\/?page_id=1113","name":"Sobre","isPartOf":{"@id":"https:\/\/camilabigolin.arq.br\/#website"},"primaryImageOfPage":{"@id":"https:\/\/camilabigolin.arq.br\/?page_id=1113#primaryimage"},"image":{"@id":"https:\/\/camilabigolin.arq.br\/?page_id=1113#primaryimage"},"thumbnailUrl":"https:\/\/camilabigolin.arq.br\/wp-content\/uploads\/2019\/07\/about-me_1.jpg","datePublished":"2019-07-04T12:17:09+00:00","dateModified":"2020-11-22T22:33:40+00:00","breadcrumb":{"@id":"https:\/\/camilabigolin.arq.br\/?page_id=1113#breadcrumb"},"inLanguage":"pt-BR","potentialAction":[{"@type":"ReadAction","target":["https:\/\/camilabigolin.arq.br\/?page_id=1113"]}]},{"@type":"ImageObject","inLanguage":"pt-BR","@id":"https:\/\/camilabigolin.arq.br\/?page_id=1113#primaryimage","url":"https:\/\/camilabigolin.arq.br\/wp-content\/uploads\/2019\/07\/about-me_1.jpg","contentUrl":"https:\/\/camilabigolin.arq.br\/wp-content\/uploads\/2019\/07\/about-me_1.jpg","width":867,"height":953},{"@type":"BreadcrumbList","@id":"https:\/\/camilabigolin.arq.br\/?page_id=1113#breadcrumb","itemListElement":[{"@type":"ListItem","position":1,"name":"In\u00edcio","item":"https:\/\/camilabigolin.arq.br\/"},{"@type":"ListItem","position":2,"name":"Sobre"}]},{"@type":"WebSite","@id":"https:\/\/camilabigolin.arq.br\/#website","url":"https:\/\/camilabigolin.arq.br\/","name":"Arquiteta Camila Bigolin","description":"Projetos pensados especialmente\u00a0para\u00a0voc\u00ea.","publisher":{"@id":"https:\/\/camilabigolin.arq.br\/#\/schema\/person\/785b0841cd78fa9eebef8dd69299a81d"},"alternateName":"Camila Bigolin","potentialAction":[{"@type":"SearchAction","target":{"@type":"EntryPoint","urlTemplate":"https:\/\/camilabigolin.arq.br\/?s={search_term_string}"},"query-input":{"@type":"PropertyValueSpecification","valueRequired":true,"valueName":"search_term_string"}}],"inLanguage":"pt-BR"},{"@type":["Person","Organization"],"@id":"https:\/\/camilabigolin.arq.br\/#\/schema\/person\/785b0841cd78fa9eebef8dd69299a81d","name":"Camila Bigolin","image":{"@type":"ImageObject","inLanguage":"pt-BR","@id":"https:\/\/camilabigolin.arq.br\/#\/schema\/person\/image\/","url":"https:\/\/camilabigolin.arq.br\/wp-content\/uploads\/2020\/10\/logo_cb-03.png","contentUrl":"https:\/\/camilabigolin.arq.br\/wp-content\/uploads\/2020\/10\/logo_cb-03.png","width":351,"height":196,"caption":"Camila Bigolin"},"logo":{"@id":"https:\/\/camilabigolin.arq.br\/#\/schema\/person\/image\/"}}]}},"_links":{"self":[{"href":"https:\/\/camilabigolin.arq.br\/index.php?rest_route=\/wp\/v2\/pages\/1113","targetHints":{"allow":["GET"]}}],"collection":[{"href":"https:\/\/camilabigolin.arq.br\/index.php?rest_route=\/wp\/v2\/pages"}],"about":[{"href":"https:\/\/camilabigolin.arq.br\/index.php?rest_route=\/wp\/v2\/types\/page"}],"author":[{"embeddable":true,"href":"https:\/\/camilabigolin.arq.br\/index.php?rest_route=\/wp\/v2\/users\/1"}],"replies":[{"embeddable":true,"href":"https:\/\/camilabigolin.arq.br\/index.php?rest_route=%2Fwp%2Fv2%2Fcomments&post=1113"}],"version-history":[{"count":0,"href":"https:\/\/camilabigolin.arq.br\/index.php?rest_route=\/wp\/v2\/pages\/1113\/revisions"}],"wp:attachment":[{"href":"https:\/\/camilabigolin.arq.br\/index.php?rest_route=%2Fwp%2Fv2%2Fmedia&parent=1113"}],"curies":[{"name":"wp","href":"https:\/\/api.w.org\/{rel}","templated":true}]}}